*2. Is r(0) prime?
True
Let o = -10 - -15. Suppose -3 + 9 = 2*s. Suppose -s*m + 9 = -t - 28, 31 = 4*m - o*t. Is m a prime number?
False
Let y(q) = 21*q**2 + 2*q + 9. Let h(w) = -w**2 - 1. Let u(p) = 6*h(p) + y(p). Is u(4) composite?
False
Let w = -960 - -1416. Let a = w + -75. Is a a composite number?
True
Let h = 84 - -18. Suppose -h - 105 = -3*r. Is r prime?
False
Suppose 3*o + o = -4*f + 2208, 3*f = -2*o + 1103. Is o composite?
True
Let u(a) = -a**2 - 8*a - 9. Let x be (-8)/36 - 104/18. Let w be u(x). Is 6 + 3/w - 0 composite?
False
Let w be 3*(0 - -1) - 0. Suppose -w*o = u + 3*u - 191, 4*u - 5*o = 183. Is u composite?
False
Suppose 0 = 4*m - 6*m - 5*u + 4, 3*m + u = 6. Suppose 2*t = 4*c - 526, -654 = -5*c - m*t + t. Is c a prime number?
True
Suppose -3*o + 4*o - 21 = 0. Is 1925/o + 2/(-3) prime?
False
Suppose -11 = y - 3*x, 5*y + 3*x - 23 = 3*y. Is 1/(-2) - (-102)/y a composite number?
True
Let r(g) = -g**3 + 9*g**2 + g + 7. Let q be r(9). Let c = -10 + q. Suppose -10 = -4*m + c. Is m composite?
True
Suppose 0 = -0*s + 4*s - 12. Suppose -p - n + s = 0, -2*p - 2*n = 2*n. Is p a prime number?
False
Let i(f) = 17*f**2 + 21*f - 7. Let x(y) = -3 + 0*y**2 - y**2 + 5*y**2 + 4*y**2 + 10*y. Let d(o) = -4*i(o) + 9*x(o). Is d(-6) composite?
False
Let f = -1539 + 2282. Is f a prime number?
True
Is 1*3086/4 - 2/4 prime?
False
Let t(h) = -31*h. Is t(-11) a prime number?
False
Suppose 9*v - 3882 = 3*v. Is v prime?
True
Suppose 2*p = 737 + 1037. Is p composite?
False
Let g(s) = 118*s**2 + 6*s + 6. Is g(-1) composite?
True
Is 1 + 1035/4 + 27/(-36) composite?
True
Suppose 108 = 2*r - 8. Is r a composite number?
True
Let o = 826 + -485. Is o a composite number?
True
Suppose 0 = x - 5*m + 186, 5*x + 800 = -m - 0*m. Is x/(-42) + 2/12 composite?
True
Suppose 13*a - 1310 = 8*a. Is a a prime number?
False
Suppose 3*f - 5*u = 931, 311 = -2*f + 3*f - 2*u. Is f composite?
False
Let f(i) = 2*i**2 - 5*i - 4. Let m be f(4). Suppose -4*g + 3 + 5 = 0. Suppose -g*r = -m - 20. Is r a composite number?
True
Suppose -3*m - m = 40. Is (12/m)/(10/(-2075)) composite?
True
Suppose -3*k + 4 = -2*a, 0*a - 7 = -2*k - 3*a. Is (-1 - k) + (-3192)/(-12) a prime number?
True
Let f(s) be the second derivative of s**7/420 - s**6/72 + s**5/40 + s**4/6 - 2*s**3/3 - 2*s. Let w(d) be the second derivative of f(d). Is w(3) prime?
False
Suppose -68 = -5*m + n, m + 5*n - 24 = -0*m. Is m composite?
True
Suppose -273 + 927 = 6*v. Is v a prime number?
True
Let a = 603 + -160. Is a a composite number?
False
Suppose 7 = 2*o - 5*z, 3*o + 4*z = 2*o - 3. Let s be 1 - o - 2*-5. Is 2/s + 56/20 composite?
False
Suppose -2 + 18 = -2*o. Is (-1892)/(-16) - 6/o a composite number?
True
Is (1976 - -6)/((-3)/((-45)/6)) prime?
False
Let j(q) be the first derivative of 2*q**4 + 2*q**2 - 3*q + 4. Let t = -1 - -3. Is j(t) a prime number?
False
Let h(s) = 160*s**3 - 2*s**2 + 2*s - 1. Let w(z) = z**2 + 3 + 0*z + 1 - 3*z - 1. Let u be w(2). Is h(u) a composite number?
True
Suppose 5*t + 5245 = 5*u, 5*u = -4*t - t + 5245. Is u composite?
False
Suppose n - 11 = -4*u + 4*n, 2*u = -n + 3. Suppose 0*g + u*g = 54. Suppose -5*p + 98 = -g. Is p prime?
False
Let d be (0 - 0) + 6 + -2. Suppose 1204 = 3*k + k + 4*r, d*k - 1189 = r. Suppose 2*f = -0*f + k. Is f a composite number?
False
Suppose 4*m - 12 - 12 = 0. Suppose -2*t + m = 0, -5*b + 95 = -t - 4*t. Is b a prime number?
False
Is 30/(-135) - (-560)/9 a prime number?
False
Suppose -11*d + 12169 + 4408 = 0. Is d prime?
False
Let t(d) be the first derivative of 49*d**4/4 - 4*d**3/3 + 3*d**2/2 - d + 6. Is t(2) a prime number?
False
Let p be (0 - 1) + (-3 - 4). Is 1530/8 + 2/p prime?
True
Suppose -5*u + 0*u + 2 = o, 2*u + 3*o - 6 = 0. Let t(f) = -7 + u*f - 3*f + 4*f**2 + 2*f**2 + f**3. Is t(-5) composite?
True
Suppose 3*q + 1290 = y, 0*q + 2630 = 2*y + 4*q. Is y/20 + (-2)/8 a prime number?
False
Suppose 0 = -f - 2*m + 7*m + 1, 4 = -4*m. Is f/(12/(-9)) - -176 a prime number?
True
Suppose 2*b + 4*p - 132 = 134, -4*b + 3*p = -499. Is b composite?
False
Let j be 2*(-142)/4*1. Is (-1)/1*0 - j prime?
True
Let q be -100*((-24)/(-15))/(-2). Let x = 171 - q. Is x a prime number?
False
Let i(t) = 34*t**3 - 2*t**2 + 3*t - 2. Let z be i(2). Suppose -3*p + z = p. Is p composite?
False
Let h be 0*-1*2/(-6). Is (-1)/(1/(-161) - h) composite?
True
Let g(a) = a**3 + 7*a**2 - 2*a - 5. Let j(u) = -5*u**2 - u + 1. Let l(o) = o**2 + 10*o + 1. Let n be l(-10). Let p be j(n). Is g(p) prime?
False
Suppose -4*w = 4*g - 7*g - 5, 0 = -2*g + 3*w - 4. Let a = g + 1. Suppose -5*f = p - 92, -6 + a = -f - 5*p. Is f composite?
False
Let c be 4/14 - (-951)/(-21). Let y be (-2 - 8/(-6))*c. Suppose 2*t - 4*t + y = 0. Is t composite?
True
Let o be (0 - -3)*2/(-6). Is (-184)/(-4) + 1 + o composite?
True
Suppose -i - 8 = -0. Let w(t) = -4*t - 10. Is w(i) a composite number?
True
Let x be ((-1)/(-2))/(1/6). Suppose v - 3*f = -x*v, -4 = -f. Suppose v*j + 267 = 6*j. Is j prime?
True
Let l(u) be the third derivative of -u**6/15 - u**5/20 - 7*u**4/24 - u**3/6 + 11*u**2. Is l(-5) composite?
True
Suppose -w - 4*o + 495 = 0, 0 = 5*w + 2*o + 3*o - 2490. Is w a prime number?
True
Let t(i) be the first derivative of -i**5/20 - i**4/12 - i**3/6 + 65*i**2/2 + i - 3. Let u(b) be the first derivative of t(b). Is u(0) a prime number?
False
Let h(z) = -25*z - 3. Is h(-10) prime?
False
Suppose 0 = -3*i + 6*o - 2*o + 64, 5*i = o + 101. Let t = -12 + i. Let z = t + 6. Is z composite?
True
Let n = 42 + -19. Is n composite?
False
Is 0*1/(-2) - -291 composite?
True
Let m(d) = 29*d**2 - 4*d - 4. Let f be m(12). Suppose 2*p = -2*p + 4*t - f, -4133 = 4*p + 5*t. Is p/(-14) + (-16)/(-56) a prime number?
False
Suppose -15 = -4*o - o. Let t be (-552)/(-2) + o + 0. Let n = t + -148. Is n prime?
True
Suppose 0 = 3*l - 2*k - 32, 4*k - 52 - 4 = -4*l. Is (75/l + 3)*4 a prime number?
True
Suppose 233 = -l + 2*l. Is l a composite number?
False
Let m = -118 - 15. Let u = m + 222. Is u composite?
False
Let h(f) = 3*f**2 + 8*f + 1. Is h(6) a prime number?
True
Let n = 700 - 213. Is n composite?
False
Let q(f) = -12*f - 4. Suppose -2*s - 5 - 9 = 0. Let x be q(s). Suppose x = 3*p + a, 3*p - 2*p - 2*a = 15. Is p a prime number?
False
Let m be -4*(3 + -1)/(-4). Let i(x) = 12*x**2 - 2*x. Let w be i(m). Let g = w - 9. Is g prime?
False
Let t(v) = -13*v. Let o be t(-2). Let d = o + 1. Suppose -10 = -m + d. Is m prime?
True
Suppose -w + 1293 = 3*r, -3*r + 6*r - 2586 = -2*w. Suppose -4*j = -5*l - w, -3*j + 1319 - 383 = 3*l. Is j prime?
True
Let y(g) = -11*g**2 + 7*g + 7. Let h(k) = -32*k**2 + 20*k + 20. Let c(q) = -6*h(q) + 17*y(q). Is c(-3) a composite number?
False
Let o = 278 - 155. Is o a prime number?
False
Let o(j) = -43*j**3 - 4*j - 6. Is o(-2) prime?
False
Suppose -b + 2 = -2. Suppose -4545 = -5*v - n - b*n, 2*v - 1806 = -5*n. Is v composite?
True
Let c = 228 - -1133. Is c a prime number?
True
Let j(w) = 36*w + 2. Let z be j(-3). Is (3 - 6)/(2/z) a composite number?
True
Suppose -16283 = -u - 4*u - 3*d, -2*d = 4*u - 13028. Is u a prime number?
True
Let r = 5 + -3. Let j(z) = 4*z + 5*z**r + 3*z - 3*z**2 - 4*z + 4. Is j(-3) prime?
True
Suppose j - 16 = -3*j. Suppose -3*n = 2*s - 3, n + s + j = 2*s. Is n + 9*4 - -2 prime?
True
Is (-8)/36 - 5276/(-9) a composite number?
True
Let d(k) = -14*k + 1. Suppose 6 = -2*t - 6. Let f be -3*2/t*-1. Is d(f) composite?
True
Suppose 75 = 7*m - 58. Is m a composite number?
False
Let k be 11/5 + (-4)/20. Suppose -k*z = 3*z - 30. Suppose 2*s - z*s + 644 = 0. Is s a composite number?
True
Let l = 3 - 2. Let n = l + -3. Is 105/3 + (n - -2) composite?
True
Suppose -4*r = r - 15. Suppose -l + r*l = 4*a - 1018, a = 4*l + 237. Is a prime?
True
Suppose -2*k + 15 = 4*i - k, -i + 18 = 5*k. Suppose -1572 = -i*n - 135. Is n composite?
False
Suppose 2*k = 2*j - 152, 0*j - j + 5*k = -84. Suppose j = 3*v - 2*v. Is v a composite number?
True
Let b = 609 + -408. Let q = 346 - b. Is q a composite number?
True
Suppose 2*n = 4*n + 4*j - 526, 4*n = 3*j + 997. Let l = 454 - n. Is l composite?
True
Let n(r) = r**2 + 4*r - 9. Let l be -3 + 3 + 3 + 3. Is n(l) prime?
False
Suppose 0 = -11*q + 856 + 19197. Is q a prime number?
True
Let c be 0/2 + (-4)/2. Let p be (20/(-2) - 0)/c. Suppose g + 2*u - 3 = 0, 0 = g - p*u - 21 - 17. Is g a composite numbe